s divided by 87.
16
Calculate the remainder when 242 is divided by 9.
8
Calculate the remainder when 1329 is divided by 66.
9
What is the remainder when 2827 is divided by 113?
2
Calculate the remainder when 577 is divided by 285.
7
Calculate the remainder when 191 is divided by 65.
61
Calculate the remainder when 26892 is divided by 33.
30
What is the remainder when 7799 is divided by 15?
14
Calculate the remainder when 124 is divided by 23.
9
What is the remainder when 773 is divided by 211?
140
What is the remainder when 212 is divided by 71?
70
What is the remainder when 280 is divided by 23?
4
Calculate the remainder when 22 is divided by 7.
1
Calculate the remainder when 297 is divided by 100.
97
What is the remainder when 18 is divided by 4?
2
Calculate the remainder when 93 is divided by 33.
27
Calculate the remainder when 145 is divided by 22.
13
What is the remainder when 44 is divided by 3?
2
What is the remainder when 22 is divided by 13?
9
Calculate the remainder when 815 is divided by 52.
35
What is the remainder when 463 is divided by 23?
3
What is the remainder when 24 is divided by 8?
0
What is the remainder when 513 is divided by 106?
89
Calculate the remainder when 215 is divided by 213.
2
What is the remainder when 6191 is divided by 258?
257
Calculate the remainder when 219 is divided by 65.
24
Calculate the remainder when 89 is divided by 71.
18
What is the remainder when 42 is divided by 7?
0
What is the remainder when 2081 is divided by 49?
23
Calculate the remainder when 436 is divided by 61.
9
Calculate the remainder when 93 is divided by 27.
12
What is the remainder when 1054 is divided by 97?
84
What is the remainder when 1343 is divided by 24?
23
What is the remainder when 1104 is divided by 28?
12
What is the remainder when 616 is divided by 104?
96
Calculate the remainder when 53 is divided by 13.
1
What is the remainder when 72 is divided by 39?
33
What is the remainder when 198 is divided by 65?
3
Calculate the remainder when 87 is divided by 61.
26
What is the remainder when 503 is divided by 27?
17
What is the remainder when 423 is divided by 107?
102
What is the remainder when 73 is divided by 3?
1
What is the remainder when 678 is divided by 220?
18
Calculate the remainder when 5028 is divided by 44.
12
What is the remainder when 273 is divided by 70?
63
What is the remainder when 253 is divided by 123?
7
Calculate the remainder when 208 is divided by 62.
22
What is the remainder when 215 is divided by 39?
20
Calculate the remainder when 2468 is divided by 89.
65
Calculate the remainder when 186 is divided by 4.
2
Calculate the remainder when 868 is divided by 64.
36
Calculate the remainder when 322 is divided by 66.
58
Calculate the remainder when 1520 is divided by 109.
103
Calculate the remainder when 180 is divided by 48.
36
What is the remainder when 6004 is divided by 22?
20
What is the remainder when 1252 is divided by 11?
9
What is the remainder when 2945 is divided by 1470?
5
Calculate the remainder when 385 is divided by 9.
7
Calculate the remainder when 2647 is divided by 241.
237
What is the remainder when 910 is divided by 127?
21
What is the remainder when 2487 is divided by 10?
7
Calculate the remainder when 1968 is divided by 586.
210
Calculate the remainder when 2861 is divided by 951.
8
Calculate the remainder when 136 is divided by 6.
4
Calculate the remainder when 289 is divided by 29.
28
What is the remainder when 25 is divided by 11?
3
What is the remainder when 1194 is divided by 591?
12
Calculate the remainder when 339 is divided by 18.
15
What is the remainder when 200 is divided by 68?
64
What is the remainder when 158 is divided by 27?
23
Calculate the remainder when 130 is divided by 91.
39
Calculate the remainder when 35 is divided by 5.
0
What is the remainder when 30 is divided by 10?
0
Calculate the remainder when 68 is divided by 10.
8
Calculate the remainder when 2060 is divided by 340.
20
Calculate the remainder when 1373 is divided by 9.
5
Calculate the remainder when 227 is divided by 36.
11
Calculate the remainder when 34 is divided by 10.
4
Calculate the remainder when 206 is divided by 21.
17
What is the remainder when 6244 is divided by 44?
40
Calculate the remainder when 208 is divided by 15.
13
Calculate the remainder when 72 is divided by 28.
16
Calculate the remainder when 37998 is divided by 80.
78
What is the remainder when 331 is divided by 14?
9
What is the remainder when 77 is divided by 21?
14
Calculate the remainder when 276 is divided by 14.
10
Calculate the remainder when 161 is divided by 21.
14
What is the remainder when 6227 is divided by 328?
323
Calculate the remainder when 870 is divided by 17.
3
What is the remainder when 192 is divided by 22?
16
Calculate the remainder when 298 is divided by 50.
48
What is the remainder when 13957 is divided by 358?
353
Calculate the remainder when 212 is divided by 25.
12
What is the remainder when 284 is divided by 17?
12
Calculate the remainder when 3088 is divided by 3080.
8
Calculate the remainder when 2815 is divided by 22.
21
What is the remainder when 671 is divided by 31?
20
What is the remainder when 4799 is divided by 14?
11
Calculate the remainder when 111 is divided by 40.
31
What is the remainder when 86 is divided by 43?
0
What is the remainder when 5699 is divided by 380?
379
What is the remainder when 407 is divided by 82?
79
Calculate the remainder when 360 is divided by 13.
9
Calculate the remainder when 276 is divided by 132.
12
Calculate the remainder when 2223 is divided by 24.
15
Calculate the remainder when 33 is divided by 18.
15
Calculate the remainder when 169 is divided by 19.
17
Calculate the remainder when 12780 is divided by 83.
81
What is the remainder when 215 is divided by 99?
17
Calculate the remainder when 227 is divided by 64.
35
What is the remainder when 219 is divided by 71?
6
Calculate the remainder when 292 is divided by 14.
12
Calculate the remainder when 1012 is divided by 12.
4
What is the remainder when 294 is divided by 97?
3
Calculate the remainder when 6285 is divided by 6283.
2
What is the remainder when 4554 is divided by 239?
13
Calculate the remainder when 174 is divided by 106.
68
Calculate the remainder when 127 is divided by 19.
13
Calculate the remainder when 253 is divided by 180.
73
What is the remainder when 535 is divided by 12?
7
Calculate the remainder when 1205 is divided by 576.
53
Calculate the remainder when 3459 is divided by 314.
5
What is the remainder when 140 is divided by 36?
32
Calculate the remainder when 4365 is divided by 199.
186
Calculate the remainder when 322 is divided by 47.
40
Calculate the remainder when 224 is divided by 120.
104
Calculate the remainder when 80 is divided by 15.
5
Calculate the remainder when 130 is divided by 44.
42
Calculate the remainder when 1621 is divided by 125.
121
Calculate the remainder when 801 is divided by 30.
21
What is the remainder when 919 is divided by 186?
175
What is the remainder when 289 is divided by 58?
57
Calculate the remainder when 4099 is divided by 25.
24
Calculate the remainder when 143 is divided by 16.
15
What is the remainder when 1021 is divided by 333?
22
What is the remainder when 4700 is divided by 36?
20
What is the remainder when 718 is divided by 238?
4
Calculate the remainder when 84 is divided by 27.
3
What is the remainder when 132 is divided by 43?
3
Calculate the remainder when 579 is divided by 198.
183
Calculate the remainder when 475 is divided by 17.
16
Calculate the remainder when 7533 is divided by 18.
9
What is the remainder when 60 is divided by 27?
6
What is the remainder when 487 is divided by 47?
17
Calculate the remainder when 866 is divided by 79.
76
What is the remainder when 4310 is divided by 22?
20
Calculate the remainder when 559 is divided by 42.
13
What is the remainder when 466 is divided by 47?
43
Calculate the remainder when 203 is divided by 51.
50
Calculate the remainder when 620 is divided by 124.
0
Calculate the remainder when 491 is divided by 13.
10
What is the remainder when 11877 is divided by 44?
41
What is the remainder when 861 is divided by 88?
69
Calculate the remainder when 516 is divided by 277.
239
Calculate the remainder wh